 (f/(-15))/((-4)/790)?
2
Let c = -393 - -562. What is the tens digit of c?
6
Let h(d) = -d**2 + 9*d - 9. Let y(r) = 2*r + 10. Let w be y(-2). What is the units digit of h(w)?
9
Suppose -2 = 5*q - 6*q. Suppose -q*p = -4*m - 10, 3*m + 5*p + 0 = -1. What is the units digit of 5*(m + (-87)/(-15))?
9
Let o = 0 - -5. Suppose 5*k - 290 = -o*n, n - 3 - 43 = 5*k. Let w = 78 - n. What is the tens digit of w?
2
What is the hundreds digit of ((-2)/3)/(25/(-17400))?
4
Let q be 3657 - (0 - (2 - -1)). Suppose -q = -10*b - 2*b. What is the units digit of b?
5
Suppose 5*w + 20 = 9*w. Suppose 12 = 4*z - w*z. What is the units digit of -3 - (-5)/((-15)/z)?
1
Suppose 0 = 2*v + 5 - 13. Suppose 29*b - 28*b - 212 = 0. Suppose -v*q - b = -8*q. What is the tens digit of q?
5
Let d be 29/(-3) - 5/15. Let u be (4/d)/(6/(-30)). What is the units digit of 6 + (0 - -2 - u)?
6
Let s be (1 - 5)*(-9 + 8). Suppose 4*j - 190 = -2*l, -s*j + 5*l - 33 + 216 = 0. What is the tens digit of j?
4
Let k(u) = -u**3 + 12*u**2 - 2*u + 6. Let q be k(5). Let y = -52 + q. What is the hundreds digit of y?
1
Let h(j) = -179*j - 544. What is the units digit of h(-9)?
7
Suppose 2*s - d = -4 - 61, 3*s - 4*d = -85. Let n = 49 + s. Let f = 20 + n. What is the units digit of f?
4
What is the units digit of (1722/(-4))/(91/28 - 4)?
4
Suppose 0 = d + 5 - 9. Suppose -d*t = 5*s - 19, -4*t - t = 2*s + 6. What is the tens digit of 2*s/(14/45)?
4
Let z = -59 + 55. What is the tens digit of (-1005)/(-9) - z - 1/(-3)?
1
Suppose -2*j = 0, -2*z = -4*z - j + 3206. What is the thousands digit of z?
1
Let l = 84 + -82. Suppose 4*h - 682 = -l*s + 48, 0 = -4*s + 12. What is the tens digit of h?
8
Let x(n) = -n**3 - 2*n**2 + 4*n + 3. Let d be x(-3). Suppose -r = -g - 33, 6*r - r + 5*g - 165 = d. What is the tens digit of r?
3
Suppose 0 = 4*l + 16, -145 = -0*a - 5*a - 5*l. What is the tens digit of a?
3
Let j(c) = c**2 + 15*c + 14. Let l be j(-14). Suppose -2*k + 5*y + 238 = l, k - 51 - 68 = -4*y. Let p = -42 + k. What is the units digit of p?
7
Let z be (2*(-1)/(-7))/((-52)/(-728)). What is the units digit of (-2 + 59)/(z - 3)?
7
Suppose -13*z + 1675 = -262. What is the tens digit of z?
4
Let n = 12 + -30. Let p = -14 - n. What is the units digit of p?
4
Let f be (1/(-2))/((-6)/12). Suppose 0 = 3*i - 2 - 1, i = -3*s + f. Let a(z) = z**3 + 53. What is the tens digit of a(s)?
5
Suppose -l = 0, 0*l + l = 4*x - 28. Suppose -2*o - 2*f + x = -f, -5*o + 16 = 2*f. Suppose -2*w + u = -o*u - 16, 3*u - 8 = -w. What is the units digit of w?
8
Suppose 5 = 4*q + 13. What is the tens digit of ((-16)/(-10))/((-1)/45*q)?
3
What is the hundreds digit of (86/(-3))/((-72)/6372)?
5
Let d = -9 - -11. Suppose -p = 3*p - d*b - 12, -8 = -2*b. Suppose 298 = 5*r + 3*k, r + p*k - 290 = -4*r. What is the units digit of r?
2
Suppose 0 = -5*u - 3*z + 255, -z - 91 = 2*u - 4*u. What is the tens digit of (0 - -4 - 7)/((-1)/u)?
4
Let v(x) = -2*x**2 - 9*x + 4. Let a be v(-6). Let s(p) = -p**3 - 14*p**2 - 3*p + 3. What is the units digit of s(a)?
5
Let v(r) = 149*r**2 - 4*r. Let w(x) = x - 21. Let y be w(20). What is the units digit of v(y)?
3
Suppose 4*f = -4*a + 36, -5 = -5*a + 2*f + 12. Suppose a*l + 35 = -15. Let v = l + 24. What is the units digit of v?
4
Let l be 6/4*8/(-48)*-4. What is the tens digit of (-48)/2*(3/(-4) - l)?
4
What is the tens digit of 2/(5*10/750)?
3
Let a(f) = 11*f**3 - f**2 - 4*f + 5. What is the hundreds digit of a(4)?
6
Let w = 726 + -320. What is the hundreds digit of (-6)/(-3)*w/7?
1
Suppose 12 = -5*a + 7*a. Suppose -a*u + 660 = -0*u. What is the hundreds digit of u?
1
Let n(i) = 28*i**2 + 27*i - 202. What is the hundreds digit of n(12)?
1
Suppose 3*p - 4*p = -5. Suppose 159 = p*x - 16. What is the tens digit of x?
3
What is the thousands digit of -9 - (-8)/(-12)*-5028?
3
Let q(u) = 15*u**3 + 5*u - 10. What is the tens digit of q(2)?
2
Let f be 370/(-7)*42/(-5 + -1). Suppose -11*z = -6*z - f. What is the units digit of z?
4
Suppose 3*h - 854 = -3*w - 149, -h - 2*w = -236. What is the hundreds digit of h?
2
Suppose -o + 731 = -3*i - 367, -1100 = -o + 2*i. What is the tens digit of o?
0
Let g(b) = -b**2 - 6*b - 4. Let y = 8 + -14. Let i be g(y). Let j(f) = -f**3 - 4*f**2 - 6*f - 4. What is the tens digit of j(i)?
2
Let b(g) = g**3 + 3*g + 2970. What is the tens digit of b(0)?
7
Suppose 2*s + 146 = 3*s + p, s = 5*p + 164. Suppose -s - 561 = -5*l. What is the units digit of l?
2
Suppose 3*v - 12 = -v - 3*b, -3*v + 3*b = 12. Suppose -5*n + v = -10. Suppose -n*z + 8 = -4. What is the units digit of z?
6
Suppose -y = 0, -4*y = -5*u + 360 + 460. What is the tens digit of u?
6
Let p(k) = 3*k - 7. Let o be p(14). Let r = 119 + o. What is the hundreds digit of r?
1
What is the units digit of (-313663)/(-49) + (-1)/((-14)/(-4))?
1
Let k = -3 - 9. What is the tens digit of (k/10)/(60/(-2800))?
5
Let w(t) = -12*t - 117. What is the units digit of w(-13)?
9
Let d = 712 - 292. What is the tens digit of d?
2
Let w(m) = -m**2 - 2*m + 6. Suppose t = -t. Let g be w(t). Suppose -a = -3*a + g. What is the units digit of a?
3
Suppose 2*o - 9 = -3*a, 0*o - 4*a = o + 8. What is the tens digit of 4/(o/721) + (-8)/6?
3
Suppose -156*v = -161*v + 655. Let i(x) = -7*x**2 - 5*x - 2. Let o be i(-4). Let q = o + v. What is the units digit of q?
7
Let g(i) be the second derivative of 53*i**4/12 - 7*i**3/6 - i**2 - 39*i. What is the tens digit of g(2)?
9
What is the hundreds digit of (2 - 0)/10 - (-5328)/10?
5
What is the units digit of 3/1 - (-219 - (12 - 8))?
6
Let m = 8 - -3. Suppose 3*t - 12 = 2*l + m, 3*t = -l + 20. What is the units digit of t?
7
Let b be -1 + 3 + 0/(-3). Let m(x) = 7*x**3 - 2*x**2 + 1. What is the tens digit of m(b)?
4
Suppose -q + 4*h = -17, -h + 0 = -5*q - 10. What is the tens digit of (146/(-6) - 1)*q?
7
Let w = -6 - -8. Suppose 0 = -w*n + 54 + 36. What is the units digit of n?
5
Let r = -30 + 55. Suppose 0 = -5*g - 150 + 60. Let d = r + g. What is the units digit of d?
7
Let x(p) = p**3 - 17*p**2 + 17*p - 7. Suppose 0 = -m + 5*m - 64. What is the units digit of x(m)?
9
Suppose 0 = 2*z + 3*p - 289, 2*z + 411 = 5*z - 3*p. What is the tens digit of z?
4
Let b(p) = p - 9. Let w be b(24). What is the hundreds digit of (-6)/w - (-5322)/30?
1
Suppose 2*u = -0 - 8. What is the units digit of (2 - -5)*15 + u?
1
What is the units digit of (-4)/(-30) - (-2)/(-15)*-26894?
6
Suppose -12*r + 4*c = -16*r + 3952, -2970 = -3*r - c. What is the units digit of r?
1
What is the tens digit of -4*(-8828)/(-16)*-2?
1
Suppose 5*q - 41 = -l, -16 + 47 = 4*q - l. Suppose 2*o + q*d = 3*d - 2, 3*d = -3*o + 6. Suppose -26 = -o*z + 2*z. What is the tens digit of z?
1
Let n be -18*(1/2)/1. Let j = n - -12. Suppose -3*g + 2*m = -80, 0 = -j*g + g + 3*m + 55. What is the units digit of g?
6
Suppose -4 + 10 = -2*h. Let b(y) = -4*y**3 - 3*y**2 - 9*y - 7. What is the tens digit of b(h)?
0
Let r(m) = 0 + 4*m + 10 + 1 + 4*m. What is the tens digit of r(13)?
1
Suppose 0 = 4*g - 0 + 8. What is the tens digit of -4 - ((g - -3) + -60)?
5
Let j(s) = s - 13. Let i = -20 + 30. Let z be j(i). What is the units digit of z*2*(-1 - 0)?
6
Let k(b) be the second derivative of -9*b - 5/3*b**3 + 0 + 1/6*b**4 + b**2. What is the units digit of k(7)?
0
Suppose 3*p = 2*p - 3*l - 21, 2*p = 4*l - 12. Let y be (-15)/2*(-16)/p. What is the units digit of 8/40 - 128/y?
3
Let h(a) = 53*a**2 - 4*a + 7. Let n(o) = -o + 0*o - 10*o + 159*o**2 + 20. Let g(c) = -17*h(c) + 6*n(c). What is the tens digit of g(-1)?
5
Let z(x) = x**2 - x + 9. Suppose -10*f + 14*f = 36. What is the tens digit of z(f)?
8
Suppose -7*b + 25 = -2*b. Suppose -o - b*k - 1 = 27, 0 = -5*k - 25. What is the units digit of 47 + o/(-12)*0?
7
Let m(b) = 3*b + 13 + 0 + b + 4. Let o(p) = -p**2 - 12*p + 8. Let z be o(-12). What is the tens digit of m(z)?
4
Suppose r + 88 + 67 = 0. Let s = 458 + r. What is the hundreds digit of s?
3
Let c(v) = -128*v. Let f be c(-7). Suppose -6*r + f + 394 = 0. Suppose 5*k - r - 40 = 0. What is the units digit of k?
1
Suppose -7*o - 4 + 39 = 0. Suppose -3*b - 4*k = -50, -o*b + 3*b - 2*k = -36. What is the tens digit of b?
2
Let d(j) = j**3 - 7*j**2 + 7*j - 1. Suppose -4*w - 11 = 25. Let i = w - -15. What is the units digit of d(i)?
5
Let l = -70 - -76. Let x(t) = 36*t + 2. What is the hundreds di